{"id":742,"date":"2022-10-21T09:47:10","date_gmt":"2022-10-21T12:47:10","guid":{"rendered":"https:\/\/hortareal.com.br\/?post_type=product&#038;p=742"},"modified":"2022-12-19T10:11:56","modified_gmt":"2022-12-19T13:11:56","slug":"farinha-de-mandioca-torrada-500g","status":"publish","type":"product","link":"https:\/\/hortareal.com.br\/?product=farinha-de-mandioca-torrada-500g","title":{"rendered":"Farinha de mandioca torrada (500g)"},"content":{"rendered":"","protected":false},"excerpt":{"rendered":"<p>Produ\u00e7\u00e3o Local.<\/p>\n","protected":false},"featured_media":743,"template":"","meta":{"om_disable_all_campaigns":false,"_mi_skip_tracking":false,"_joinchat":[]},"product_cat":[22],"product_tag":[],"class_list":{"0":"post-742","1":"product","2":"type-product","3":"status-publish","4":"has-post-thumbnail","6":"product_cat-processado","8":"first","9":"instock","10":"shipping-taxable","11":"purchasable","12":"product-type-simple"},"aioseo_notices":[],"jetpack-related-posts":[{"id":120,"url":"https:\/\/hortareal.com.br\/?product=fuba-pct-500g","url_meta":{"origin":742,"position":0},"title":"Fub\u00e1 (pct. 500g)","date":"mar\u00e7o 14, 2022","format":false,"excerpt":"Produ\u00e7\u00e3o local, qualidade e proced\u00eancia garantidas pela Horta Real. Produzido sem adi\u00e7\u00e3o de agrot\u00f3xicos.","rel":"","context":"Post similar","img":{"alt_text":"","src":"https:\/\/i0.wp.com\/hortareal.com.br\/wp-content\/uploads\/2022\/03\/fuba-scaled.jpg?fit=1200%2C1200&ssl=1&resize=350%2C200","width":350,"height":200},"classes":[]},{"id":730,"url":"https:\/\/hortareal.com.br\/?product=polvilho-doce-500g","url_meta":{"origin":742,"position":1},"title":"Polvilho doce (500g)","date":"outubro 14, 2022","format":false,"excerpt":"","rel":"","context":"Post similar","img":{"alt_text":"","src":"https:\/\/i0.wp.com\/hortareal.com.br\/wp-content\/uploads\/2022\/10\/polvilho.png?fit=495%2C495&ssl=1&resize=350%2C200","width":350,"height":200},"classes":[]},{"id":270,"url":"https:\/\/hortareal.com.br\/?product=limao-rosa-500g","url_meta":{"origin":742,"position":2},"title":"Lim\u00e3o rosa (500g)","date":"maio 19, 2022","format":false,"excerpt":"Produzido pela Horta Real, sem adi\u00e7\u00e3o de agrot\u00f3xico. Aduba\u00e7\u00e3o feita a partir de bokashi e biogel.","rel":"","context":"Post similar","img":{"alt_text":"","src":"https:\/\/i0.wp.com\/hortareal.com.br\/wp-content\/uploads\/2022\/05\/IMG_20220519_091028497-2-scaled.jpg?fit=1200%2C1200&ssl=1&resize=350%2C200","width":350,"height":200},"classes":[]},{"id":131,"url":"https:\/\/hortareal.com.br\/?product=limao-taiti-porcao-de-500g","url_meta":{"origin":742,"position":3},"title":"Lim\u00e3o taiti (por\u00e7\u00e3o de 500g)","date":"mar\u00e7o 14, 2022","format":false,"excerpt":"Produzido por agricultores locais Sem adi\u00e7\u00e3o de agrot\u00f3xicos","rel":"","context":"Post similar","img":{"alt_text":"","src":"https:\/\/i0.wp.com\/hortareal.com.br\/wp-content\/uploads\/2022\/03\/limao-taiti-scaled.jpg?fit=1200%2C1200&ssl=1&resize=350%2C200","width":350,"height":200},"classes":[]},{"id":129,"url":"https:\/\/hortareal.com.br\/?product=jilo-porcao-500g","url_meta":{"origin":742,"position":4},"title":"Jil\u00f3 (por\u00e7\u00e3o 500g)","date":"mar\u00e7o 14, 2022","format":false,"excerpt":"Produzido pela Horta Real, sem adi\u00e7\u00e3o de agrot\u00f3xicos Aduba\u00e7\u00e3o feita a partir de bokashi e biogel.","rel":"","context":"Post similar","img":{"alt_text":"","src":"https:\/\/i0.wp.com\/hortareal.com.br\/wp-content\/uploads\/2022\/03\/jilo-scaled.jpg?fit=1200%2C1200&ssl=1&resize=350%2C200","width":350,"height":200},"classes":[]},{"id":720,"url":"https:\/\/hortareal.com.br\/?product=tomate-grape-400g","url_meta":{"origin":742,"position":5},"title":"Tomate grape (500g)","date":"outubro 10, 2022","format":false,"excerpt":"Produzido por produtores locais, sem adi\u00e7\u00e3o de agrot\u00f3xicos.","rel":"","context":"Post similar","img":{"alt_text":"","src":"https:\/\/i0.wp.com\/hortareal.com.br\/wp-content\/uploads\/2022\/10\/tomate-grape.png?fit=1181%2C1181&ssl=1&resize=350%2C200","width":350,"height":200},"classes":[]}],"_links":{"self":[{"href":"https:\/\/hortareal.com.br\/index.php?rest_route=\/wp\/v2\/product\/742","targetHints":{"allow":["GET"]}}],"collection":[{"href":"https:\/\/hortareal.com.br\/index.php?rest_route=\/wp\/v2\/product"}],"about":[{"href":"https:\/\/hortareal.com.br\/index.php?rest_route=\/wp\/v2\/types\/product"}],"wp:featuredmedia":[{"embeddable":true,"href":"https:\/\/hortareal.com.br\/index.php?rest_route=\/wp\/v2\/media\/743"}],"wp:attachment":[{"href":"https:\/\/hortareal.com.br\/index.php?rest_route=%2Fwp%2Fv2%2Fmedia&parent=742"}],"wp:term":[{"taxonomy":"product_cat","embeddable":true,"href":"https:\/\/hortareal.com.br\/index.php?rest_route=%2Fwp%2Fv2%2Fproduct_cat&post=742"},{"taxonomy":"product_tag","embeddable":true,"href":"https:\/\/hortareal.com.br\/index.php?rest_route=%2Fwp%2Fv2%2Fproduct_tag&post=742"}],"curies":[{"name":"wp","href":"https:\/\/api.w.org\/{rel}","templated":true}]}}